(3 - 0) + -2 + -10 + 9?
0
Calculate (1 - -1) + 0 + 0 + 0.
2
Calculate 77 + -85 + (22 - -1) - 8.
7
Evaluate 71 + -61 - (2 + 10).
-2
Calculate 2 - (6 - (0 - -4)).
0
-3 + (14 - -1 - 7)
5
What is (-8 - 14) + 11 - -11?
0
What is 1 - 5 - (97 + -108)?
7
Calculate 1 - (-11 + 4 - (-13 + -3)).
-8
What is 16 + -10 + 5 + -17 + -4?
-10
Calculate (14 - 13) + 0 + -5.
-4
Calculate 5 - (0 + 6 + -4 + -4).
7
-2 - (0 + 4 - 8)
2
-38 + 35 + 1 + 1
-1
What is 10 + (-22 - -7) + 12?
7
What is the value of (55 - 56) + (1 - 1) + -1?
-2
Calculate (-1 - (1 - 7)) + -18 + 8.
-5
Evaluate 2 + (-2 - -2 - 3) - -2.
1
-2 + 0 - (41 - 48) - 4
1
(2 - 17) + (15 - (-4 + 12))
-8
Calculate 2 - (-5 + (3 - (3 - 5))).
2
What is the value of -2 + 5 - (-6 - -7)?
2
What is the value of 3 + -9 - -3 - -3?
0
Evaluate 2 + -1 + -2 + (-14 - -11).
-4
Calculate (-2 - -7) + (-7 - -3).
1
(5 - 0 - 7) + 0
-2
Calculate -3 + 1 + -64 + 61.
-5
Calculate 8 + -5 - 1 - (4 + -2).
0
What is the value of 3 + -7 + 11 + -7?
0
Evaluate (-35 - -29) + 1 + 5 - 0.
0
What is -1 + -2 + (30 - (33 + -15))?
9
(-3 - (1 + 0 - 3)) + 2
1
Calculate 5 - (15 - (-4 - (-9 + 0))).
-5
What is 0 - (-18 + 21) - (2 - 1)?
-4
Calculate 6 - (6 - (4 - 1)).
3
0 + 0 + 11 + -1 + -13
-3
What is the value of 2 + 8 + -3 + 0?
7
Evaluate -6 + -6 + 10 + -3.
-5
Evaluate 1 + (1 - -2) - (3 - 4).
5
Calculate 2 - (-2 + -1 + 7) - -1.
-1
What is the value of (3 - -1) + (-6 - -4)?
2
What is 2 + (-2 - (-10 - -6 - -6))?
-2
What is the value of -7 + 2 - (-1 + 0)?
-4
Evaluate -8 - (-5 + 7 + 0 + -5).
-5
Calculate (-2 - (-2 - 0)) + 3 + -1.
2
What is (-4 - -3) + (-1 + 1 - 1)?
-2
Calculate (-1 - 0) + -4 + 4 + -3.
-4
Evaluate (50 - 48) + (1 - 1).
2
Evaluate 5 + -10 + 0 + 3 + 1.
-1
Calculate 0 - 2 - 0 - (2 + -1).
-3
What is the value of -2 + (2 - 9) + 2 - -4?
-3
What is -2 + 8 + -9 - -7?
4
What is the value of 6 + -7 + 0 + 3?
2
Calculate 4 + 0 + (10 - 9).
5
What is (0 + 0 - -3) + -7 + 1?
-3
What is the value of 6 + (-3 - 7) + 1?
-3
What is the value of 7 - 2 - (-6 - -19 - 5)?
-3
Calculate (9 + -4 - (-6 - -15)) + 6.
2
Evaluate -3 + (-3 - 1 - (-18 + 5)).
6
Evaluate 2 - 15 - -6 - -5.
-2
Evaluate 1 + -5 + 2 + 6 + 2.
6
Evaluate 4 - -3 - ((2 - 5) + 5).
5
(-2 - 1) + 6 + -5
-2
What is -3 + (-4 + 0 - -5)?
-2
What is the value of (10 - 7) + -2 + -1?
0
What is 2 + (-2 + 1 - -2) + 2?
5
What is (5 - 4) + -2 + -2?
-3
What is 4 + 3 + (4 - 7) - 6?
-2
What is the value of 11 - 1 - (12 + -3)?
1
What is the value of (14 - 14) + (-5 - 2)?
-7
What is the value of (-43 - -50) + -1 + -2?
4
What is 3 + -5 + (-2 - -5)?
1
What is -10 - (-10 - -6) - (-1 - -2)?
-7
What is 0 + -3 + (5 - 6) - -5?
1
What is the value of (2 - (8 - 3)) + 4?
1
What is -6 - (-2 + (3 + -1 - 16))?
10
Calculate (-4 - -3) + -6 - (-3 + 0).
-4
Evaluate 4 + -2 + 3 + (-9 - -4).
0
7 - 3 - -3 - 7
0
(7 + -2 - (-1 - -5)) + -2
-1
(-1 - -1) + (-7 - -4)
-3
What is the value of (-5 - (-3 - 0)) + 0?
-2
Evaluate 47 + -35 + -3 + -1.
8
Evaluate -6 + (2 - -3) + 0 + -6.
-7
What is 14 - 15 - (-2 - 4)?
5
What is the value of -3 + (3 - (2 - -1) - -1)?
-2
What is the value of -8 + (11 - 7) - -6?
2
Evaluate 1 + 0 + (-21 - -26).
6
What is the value of -5 - (-5 - -5 - -5 - 16)?
6
Calculate (3 - 1) + -34 + 21.
-11
What is 0 - (-2 + -2 - -2)?
2
What is the value of (14 - (10 + 2)) + 0 + 3?
5
What is 10 + -5 - -9 - 9?
5
Evaluate (36 - 28) + -1 + (-4 - -1).
4
What is 0 + (-2 - -7 - 0)?
5
What is the value of 1 - (4 - -5) - -10?
2
2 + -2 + 2 + 1
3
2 - ((-2 - -2) + (18 - 17))
1
What is 1 - 4 - (-4 - (-2 + 3))?
2
What is the value of 7 - (26 - 10 - (2 + -2))?
-9
Calculate 3 + -1 + 0 + -4.
-2
What is (0 - -9) + -16 + -1?
-8
Calculate -21 + 14 + (0 - -15) + -2.
6
Calculate 0 - (4 - 3 - (-1 - 1)).
-3
Calculate -2 + 1 + 6 - 8.
-3
What is -38 + 35 - (-1 - 0)?
-2
What is -2 + (0 - (-1 + 3)) + 3?
-1
What is the value of 18 + 2 + -3 + -7?
10
-2 - -4 - (-1 + 0 - 2)
5
What is the value of -7 + 5 + -2 + 3?
-1
What is 5 - 7 - -5 - 2?
1
Calculate (-13 - -3) + 0 + 5.
-5
Evaluate (-3 - -6) + (3 - 2).
4
Calculate 9 - -10 - 9 - 10.
0
What is -1 - 5 - (-2 - (5 + -6))?
-5
7 - 1 - (-5 - -7)
4
Calculate (-4 - -9) + -20 + 15 + 6.
6
What is the value of (41 - 41) + -3 + -1?
-4
What is the value of 1 + -4 + 16 + -3?
10
Calculate 1 - 2 - (2 + -2 - 4).
3
What is the value of 1 + (5 - (7 + -1))?
0
What is -1 + (9 - 2 - 2)?
4
Evaluate (7 - -2) + (-3 - 2) - 10.
-6
(5 - 0) + -159 + 162
8
Evaluate (7 - 4) + -9 + 6.
0
What is -3 + -3 + 2 + -3 + 5?
-2
What is 2 - (-2 + 3 + 2)?
-1
What is the value of -3 + (4 - (-6 + 8))?
-1
Calculate (-4 - -6 - -2) + -3.
1
-2 - (3 + -2 + -5)
2
What is the value of -34 - -29 - (-5 - 1)?
1
-5 + (4 - 4 - -6) + 1
2
Calculate 3 + (3 - -6) - 8.
4
Calculate (-1 - 2) + (1 + 8 - 10).
-4
Calculate (-1 - -3) + (-2 - -12 - 18).
-6
What is the value of (1 - 9) + 6 + 9?
7
What is the value of 4 + 1 - ((-3 - -8) + -5)?
5
Evaluate 8 - 3 - (5 + -5).
5
Evaluate -1 - ((0 - (5 + -6)) + -1).
-1
15 + -30 + 8 + (-1 - 1)
-9
Evaluate 6 - (1 - (-8 + -2)).
-5
What is -1 - -1 - 1 - (7 + -4)?
-4
What is 0 + 5 + -12 + 4?
-3
Evaluate 1 + -1 + (-6 - -7).
1
Evaluate -14 - (0 + -8 + 0).
-6
Calculate (-3 - (-1 + 1 + -2)) + 1.
0
Calculate (0 - 4) + 1 + 3 - -1.
1
-4 + 3 - (-4 + 3 + 2)
-2
Calculate -6 + (-4 + 4 - -1).
-5
Evaluate -3 + (0 - (-3 - -5)) + 1.
-4
What is the value of -3 - (3 + -7 - (3 + -8))?
-4
What is (2 - 1 - (-12 - -10)) + -3?
0
What is 1 + 2 + 9 + (-17 - -6)?
1
What is -2 - (12 - 23 - -10)?
-1
What is the value of (-6 - (13 + -8)) + 16?
5
Evaluate (-8 - 1) + (-21 - -30).
0
Evaluate 3 - (5 + (-5 - -7)).
-4
Calculate 12 + -6 + 8 - 10.
4
0 + 1 - (2 + -2 - -1)
0
Calculate 6 + 0 - (-2 - -4 - -6).
-2
Calculate 4 - (8 + 0 + -11).
7
What is the value of 1 + (-2 - 0) + (-50 - -47)?
-4
What is 29 + -26 + (4 - 1)?
6
What is the value of 5 + 6 + 3 + -19?
-5
7 - 4 - 7 - -6
2
What is the value of -3 + 12 + -3 + -11?
-5
What is (-1 - 1) + (-1 - -4) + -4?
-3
What is the value of 4 + (-4 + 1 - (10 - 10))?
1
What is the value of -8 - -2 - -5 - 1?
-2
Evaluate -9 + (9 - 3) - -1.
-2
What is the value of 1 + (1 - 6) + (1 - -1)?
-2
Evaluate -6 + 2 + -3 + 2.
-5
Calculate -10 + (10 - (-6 + 6)).
0
Evaluate -3 - (-2 - (0 - -1)).
0
0 - ((-3 - (-4 + 4)) + 0)
3
Evaluate 3 - (-3 + 1 + -2 + 5).
2
What is the value of -9 + 8 - (-1 + 2)?
-2
Evaluate -16 + 10 + 11 - -5.
10
What is -22 + 20 - (1 - 7)?
4
What is the value of -6 - (3 + 2 - 3 - 4)?
-4
13 - (7 - (-12 - -10))
4
What is the value of -7 + 2 - (-1 + (0 - 2))?
-2
Evaluate (-421 - -417) + -1 + (-3 - 0).
-8
Evaluate -3 + -2 + -3 + 4.
-4
Evaluate -4 + 2 + -2 + -5 + 8.
-1
What is the value of (14 - (27 + -12)) + (4 - 1)?
2
What is the value of 6 + -1 + -8 + 3 + 2?
2
What is 7 + (2 + -3 - 8)?
-2
4 - 0 - -1 - (613 - 614)
6
Calculate 5 + (-9 - (-2 + -1)) + 4.
3
Calculate 7 + (-6 - (-7 + 5)).
3
What is (4 - (8 - 6)) + (-2 - 3)?
-3
What is 8 + -8 - -6 - -1?
7
Calculate (-3 - -3) + 4 + -11.
-7
Evaluate (-3 - -2) + 13 + -14 + 9.
7
What is 1 + 2 - (-4 + 12)?
-5
What is 0 + 4 + (-4 - 2)?
-2
(0 - -2) + -20 + 18 + -3
-3
What is the value of -5 + (-9 - -11) + 7?
4
What is (-2 - -8 - 1) + (-3 - 4)?
-2
(-1 - (-1 - 4)) + (4 - 7)
1
What is the value of 3 + -9 - (-3 - -1 - 2)?
-2
What is 4 - (11 + 0 + -5)?
-2
What is 23 + -25 + -6 + 4 + 1?
-3
What is the value of (4 - 1) + -1 + -14 + 11?
-1
-8 - -3 - (-8 + -5)
8
-11 - ((6 - 4) + -9)
-4
1 + (7 - -2) - (30 - 25)
5
What is the value of (16 - 18) + (3 - 0)?
1
Calculate -2 - (-4 - -3 - 0).
-1
Evaluate 3 - (10 - (-2 - (-1 + -3))).
-5
1 + (-2 - (0 + -1)) + -5
-5
Calculate 2 + 3 + -1 - (4 - -2).
-2
Calculate 12 + 7 + -5 + (1 - 7).
8
Calculate -9 + -5 + 6 + 2 + 0.
-6
Evaluate (0 - 3) + (-16 - -27) + -1.
7
What is the value of 20 + (7 + -3 - 14)?
10
Calculate 3 + (-5 - 7) + 2.
-7
What is (-57 - -51) + -1 + 0?
-7
What is the value of 12 - (11 + 0 + (6 - 13))?
8
Evaluate (7 - 6) + (-2 + 2 - 2).
-1
Evaluate -5 - (0 - (-3 - -7)).
-1
What is the value of (-24 - -23) + (0 - 0 - 7)?
-8
What is -6 + 5 - (-8 + -2 + 4)?
5
What is -5 + 2 - (-17 - -21)?
-7
What is (5 + -1 - 2 - 0) + -5?
-3
Evaluate 5 - -2 - (14 - 19 - -11).
1
What is the value of (-2 - -5) + (-1 - 0) - -1?
3
What is the value of -6 + (-3 + 11 - 4) - -3?
1
What is -2 + 0 - (-11 - 2 - -9)?
2
6 + -2 - (-17 - -15) - 6
0
What is the value of 0 + (-21 - -6) + 9?
-6
Calculate -3 - 